/(-36) + (-45)/(-4). Calculate the greatest common divisor of x and 30.
6
Let i(b) = b - 16. Let k be i(14). Let t = 24 + k. What is the highest common factor of t and 11?
11
Let a(k) = k + 39. Let w(s) = -s - 40. Let t(m) = 4*a(m) + 3*w(m). Let n = 2 - 2. Let i be t(n). Calculate the highest common divisor of 12 and i.
12
Let a(h) be the second derivative of h**4/12 - 5*h**3/3 + h**2/2 + h. Let t be a(-7). Calculate the greatest common factor of 12 and t.
12
Let b = 35 + -22. Calculate the highest common divisor of b and 26.
13
Let r be (-7)/((-7)/6)*3. Suppose -54 = 2*t - 162. What is the greatest common factor of r and t?
18
Suppose -3*t = -2*r + 2, -2*r - t - 26 = 3*t. Let m = r + 4. Let p be 596/6 + m/3. Calculate the highest common divisor of 11 and p.
11
Let b be (-2)/5 + 1722/30. Suppose b = 2*v - v. Suppose -t + v = 5*g - 4*t, -t = 4. Calculate the greatest common divisor of 6 and g.
3
Suppose -3*i + 67 = 4*f, 2*f = -5*i - f + 108. Let h = 6 + -6. Suppose h = 3*n - n - 42. Calculate the greatest common factor of n and i.
21
Let s = 5 + -8. Let x(k) = -26*k + 3. Let m be x(s). Suppose 27 = g + 5*p - 18, 3*g - 3*p = m. What is the greatest common divisor of 10 and g?
10
Suppose q - 171 = 37. Let u(z) = -5*z + 1. Let m be u(-5). What is the greatest common divisor of m and q?
26
Suppose -8*g + 40 = -3*g. Let a be (g/6)/((-6)/(-27)). Calculate the highest common factor of a and 15.
3
Suppose 0 = b + 3*b - 40. Suppose -5 - 345 = -5*j. What is the highest common factor of b and j?
10
Let g(t) = -t**3 + 5*t**2 + 6*t - 3. Let c be g(6). Let z(x) = -3*x**3 + 2*x**2 - x - 4. Let j be z(c). What is the highest common factor of j and 14?
14
Let d = 16 + -6. What is the highest common factor of 10 and d?
10
Let y(r) = -38*r**3 + r**2 - 2*r - 2. Let t be y(-1). Calculate the greatest common divisor of 312 and t.
39
Suppose 4*l - 45 = -h, 2*h - 4*l - 22 = 20. Calculate the greatest common divisor of 29 and h.
29
Let a(h) = h**3 + h**2 + h - 1. Let r be a(-2). Let n = r + 9. Let v = 28 - n. Calculate the greatest common factor of 13 and v.
13
Suppose 5*f - 4*k = 92, 0 = -f - 0*k + 2*k + 16. Calculate the highest common divisor of 60 and f.
20
Let g be (-591)/(-9) + 6/(-9). Calculate the highest common factor of 13 and g.
13
Let h be (-16)/(-3 + 0 + (-1 - -3)). Calculate the greatest common factor of h and 16.
16
Suppose 3*a - 5*p - 12 = -5, 0 = -2*a - 5*p - 12. Suppose -5*d - 59 = -69. Let f = d + a. Calculate the greatest common divisor of f and 4.
1
Suppose y - 2*y - 9 = 4*q, -5*y - 2*q = -9. Suppose -y*s + 500 = -0*s + 5*t, -5*t - 490 = -3*s. What is the highest common divisor of 15 and s?
15
Let b(m) = m**3 + m**2 - m + 15. Let x be b(0). Let f = 21 - x. Suppose -2*c - f = -3*c. What is the highest common divisor of c and 30?
6
Let i(x) = x**2 + 4*x - 4. Let g be i(4). What is the greatest common factor of 14 and g?
14
Let s = -14 - -23. Let z = 6 + 30. Suppose 0 = -y + 3*y - z. Calculate the greatest common divisor of s and y.
9
Suppose 0 = -g - 2*z + 11, 4*g - 5*z - 22 = -2*z. What is the highest common divisor of g and 133?
7
Let r(q) = 19*q + 1. Let p be r(1). Suppose -s = -0*s - p. Suppose 2*f = -62 + 262. Calculate the highest common divisor of f and s.
20
Suppose 3*z - 60 = -z. Suppose 3*r = 5*t - 2, 4*r - 4 = 2*t - 2. Let p be 1 + t - (-3 - 25). What is the greatest common factor of p and z?
15
Let s be (0/(-3) - -3) + 41. What is the highest common factor of 66 and s?
22
Suppose 20 = 4*o - 0. Suppose -o*z - 3*s - 5 = -26, 4*z - s - 27 = 0. What is the greatest common divisor of 48 and z?
6
Let n = 30 - 10. Suppose 5*d = -i - 2, 3*d + 0*d = 5*i - 46. What is the greatest common divisor of n and i?
4
Let j be (-3)/(0 - -3)*-1. Let q be (j/(-3))/(5/(-45)). Calculate the greatest common divisor of 9 and q.
3
Let t be -1 + (-1 - -1) - -31. Let s be (-58)/(-6) + 2/6. Calculate the greatest common factor of s and t.
10
Let t be 17 - ((-12)/(-4))/1. What is the highest common factor of t and 112?
14
Let s = 87 - 78. Calculate the highest common divisor of 3 and s.
3
Let h(f) = f**3 + 5*f**2 + 2. Let l be h(-4). Let c(x) = x**3 + 12*x**2 + 9*x - 13. Let d be c(-11). Calculate the greatest common factor of l and d.
9
Suppose 0 = 4*p - j - 107, -2*p - 5*j - 93 = -5*p. Calculate the highest common divisor of p and 13.
13
Suppose -6*c + 4*c + 2 = 0. What is the greatest common divisor of c and 1?
1
Let a(v) = -5 + v**3 + 13 - v**2 + v**3 + v - 3*v**3. Let l be a(0). Calculate the highest common factor of l and 24.
8
Let s be 2/(-4)*(72 - 6). Let w = s + 61. Calculate the highest common divisor of 42 and w.
14
Suppose -49 = -3*x - 16. Let t(h) = h**2 + h + 77. Let i be t(0). What is the highest common factor of x and i?
11
Let x = -5 + 10. Let k = -2 + x. Suppose 70 = 5*c - b, -25 = -5*c + 3*c + b. What is the highest common divisor of c and k?
3
Let u be 76/3 + 4/(-3). What is the greatest common divisor of 60 and u?
12
Let m(u) be the second derivative of u**3/3 - u**2 - 4*u. Let k be m(6). What is the highest common factor of 5 and k?
5
Let g = -47 - -120. Let i = g - 38. Calculate the highest common factor of 5 and i.
5
Suppose -4*u = -5*u + 5. Suppose i - 4*i = 5*v - 50, 0 = 5*i. Calculate the highest common divisor of u and v.
5
Let k(a) = -a + 3. Let q be k(8). Let b be 2/(-5) + (-257)/q. Let i = -26 + 43. What is the highest common factor of i and b?
17
Let t = 75 - 45. Suppose 3*q - 1 = -5*j - 2, 4*q = -3*j - 5. Suppose 2*c + j = 11. Calculate the highest common factor of c and t.
5
Suppose -t - 41 = -3*p, -3*p - 2*p + 3*t + 63 = 0. Calculate the highest common factor of p and 15.
15
Let g(i) = 6*i - 4. Let o be g(10). What is the highest common factor of 14 and o?
14
Suppose -5 - 3 = -j. Calculate the highest common divisor of j and 32.
8
Let h = 56 + -24. Let z = h + -19. Calculate the highest common factor of z and 39.
13
Let h be (-10)/4*(2 + -4). Let b = -2 + h. Let y be b + (-2)/((-2)/19). Calculate the greatest common divisor of 55 and y.
11
Suppose 3*m - 18 = 4*b, -7*b - 12 = -3*b. Calculate the highest common factor of 3 and m.
1
Let a be 2*15 - 4/(-2). Calculate the highest common factor of a and 8.
8
Let m(o) = 4*o**2 - o - 2. Let s be m(2). Calculate the greatest common divisor of 60 and s.
12
Let q(c) = c**3 - 21*c**2 + 20*c + 28. Let x be q(20). Calculate the greatest common factor of 42 and x.
14
Let s(v) = 10*v + 4 - v**3 + 5*v**2 + 3 - 6. Let t be s(7). Let g = t + 45. What is the greatest common factor of 90 and g?
18
Let r be (183 - -1)*30/120. What is the highest common divisor of 184 and r?
46
Suppose -3*v + 80 = 5*w, -4*w - 2 = 5*v - 66. What is the greatest common factor of w and 2?
2
Let t be (12/(-9))/(4/(-54)). Let c = -103 + 229. What is the highest common factor of c and t?
18
Suppose 2*m - 11 = -5*n + 62, 0 = 4*n - 5*m - 65. Calculate the highest common divisor of n and 30.
15
Let i = -143 + 287. What is the highest common factor of 16 and i?
16
Suppose -3*s + 4*v = s - 48, -5*s + 4*v = -56. Suppose -5*x - x + 24 = 0. Calculate the greatest common divisor of s and x.
4
Suppose -16 = -3*n - 2*j, 5*n + 5*j - 28 = 7. Calculate the highest common divisor of 10 and n.
2
Suppose -4*q = -27 + 7. Calculate the highest common divisor of 55 and q.
5
Let y be 171/7 - 6/14. Let x be 190/8 - (-6)/y. Suppose -4*c = b + 2*b - 8, 5*b - 52 = 3*c. What is the greatest common factor of b and x?
8
Let o(n) = -n + 8. Let z be o(4). What is the highest common divisor of 10 and z?
2
Suppose 3*g - 28 + 7 = 0. Let f be 75/g - (-10)/35. Calculate the highest common divisor of 11 and f.
11
Suppose 2*p - 4*n - 16 = p, 0 = -p - 5*n + 7. What is the highest common divisor of p and 48?
12
Suppose -2 - 3 = -5*b. Let i = -9 + 20. What is the greatest common divisor of b and i?
1
Let y(c) = c**2 - 5*c - 3. Suppose -3*d + 11 = -7. Let w be y(d). Calculate the greatest common divisor of w and 24.
3
Let u(p) = p**3 - 8*p**2 + p - 7. Let j be u(8). Let i = -5 + 10. Calculate the highest common divisor of j and i.
1
Suppose c - y = 3666, c - 4*c - 3*y + 11016 = 0. Let u be c/33 - 2/11. Let s = u - 51. What is the greatest common divisor of s and 12?
12
Let a be ((-15)/(-9) + -2)*-3. What is the highest common divisor of a and 2?
1
Let g(v) = -v**2